-281 + 270 + 4 + 0?
-7
-19 + 3 + 1 + 8
-7
Calculate 8 - (2 + 1) - (3 - 3).
5
What is the value of 5 - (-9 + 23 - 6) - -19?
16
Calculate (9 - (-7 + 12 + -6)) + -4.
6
(-31 + -29 - -17) + 28
-15
What is the value of (-25 + 15 - 19) + 53?
24
(-9 - (16 + -37)) + -18
-6
-14 - 0 - (-2466 + 2438)
14
0 + (-1 - -6) + (-8 + 2 - 4)
-5
334 + -337 - ((2 - 0) + -14)
9
What is the value of 437 + -444 - (-7 + -1)?
1
Evaluate 6 + 11 + -41 - -47.
23
Evaluate 5 - -1 - (-10 + 28 + -12).
0
-479 - -453 - (0 + -38)
12
What is -25 + -20 + 25 - 8?
-28
Calculate -37 + 1 + 0 - ((3 - 11) + 4).
-32
What is the value of -112 + 98 + (2 + -4 - -44)?
28
-9 - -1 - -15 - (-1 - -1) - -5
12
Evaluate -6 - ((1 - 6) + -1) - 0.
0
Evaluate 12 - (-1 + 30 - (-62 - -78)).
-1
What is the value of 18 + 21 + -21 + 1 + (0 - 3)?
16
What is the value of -3 - (0 - 12 - (-38 - -31))?
2
Calculate -11 + 1 + -3 + (232 - 224).
-5
-39 + 2 + 37 - (10 - 1) - 3
-12
What is (-2 + 9 - 7) + -6 + 4 + 3?
1
-1765 - -1742 - (0 + -2 - 7)
-14
What is the value of (-27 - (0 - 8)) + 7 + -8?
-20
Evaluate -13 + (2 - 4) + 8.
-7
What is -7 + 35 - (1 - (2 + (-8 - -3)))?
24
Evaluate 1 - 0 - -5 - (10 + (10 - 13)).
-1
What is 10 - (16 + (3 - (0 - (-4 - -1))))?
-6
Evaluate (4 + 27 - 60) + -4.
-33
What is the value of (2 - 14) + 0 + 32 + (5 - 22)?
3
Evaluate (-4 - 1) + (-297 - -306) + (-4 - -1).
1
What is 5 + -2 + -3 + 0 + -6 + 4?
-2
2 + -1 - (4 - 9) - -2
8
Evaluate -8 + (7 - (-14 - -11)) - -7 - -8.
17
Evaluate (-2 + -1 - -3 - (-74 + 82)) + -13.
-21
What is -1 - 0 - (66 + -82)?
15
Calculate (-35 - -27) + 23 - (1 - -3).
11
What is 40 + -42 - 59 - -25?
-36
-16 - (10 + -15 + (-3 - -8))
-16
Evaluate 40 + (-19 + -33 - -20).
8
Calculate 42 - (22 + -6 + 4).
22
Evaluate (-131 + 131 - (-1 + 15)) + 6.
-8
What is 4 + (20 - (4 - -5)) + (0 - -6)?
21
(-7 - -4 - 3) + 8 - (-22 - -17)
7
-4 + (-1 - 2) - (12 + (-12 - 12))
5
What is the value of (-7 - -26) + -5 - 3?
11
What is the value of (-14 - -2 - 4) + (64 - 40)?
8
Evaluate 1 + 13 - -12 - 6.
20
What is the value of 2 + ((7 - 3) + 0 - (0 + 6))?
0
(-1 + -7 - 0) + -7 + -25 + 37
-3
Calculate -16 + 0 + -17 + 31.
-2
Evaluate (0 - 8) + 24 + -19 + 20.
17
(73 - -1 - 77) + (-15 - -1) + -1
-18
What is (-14 - (6 + -21)) + -12 + 2?
-9
-7 + (0 - 0) - (525 + -518)
-14
Calculate 3 + 3 + (-34 - -28) + -6.
-6
What is the value of (40 - 74) + 20 + -14?
-28
Calculate 7 - (3 - (-12 + 12)).
4
What is the value of -27 - -25 - (-14 + 1) - (-4 + 0)?
15
Evaluate 12 + 2 + (17 - 3 - (0 - -16)).
12
-197 + 215 - ((-2 - -3) + 6)
11
-4 - (1 + 1 + -25 - (-3 + -2))
14
Calculate 4 + -3 + 5 - 8 - -2.
0
-3 + 1 + 7 + -6 + -3 - -11
7
What is -7 - (0 + -6 + (-3 - -7))?
-5
Evaluate -18 - (8 - 27) - (-2 + -1).
4
Evaluate 2 + 3 + 3 + (10 - 10).
8
Calculate (-4 + 20 + -11 - (-2 - -3)) + 1.
5
Calculate 73 + -78 + (1 - (0 + 8 + -3)).
-9
Evaluate 2 + (11 - (1 - -4)) + 5 + -1.
12
What is the value of -2 + 18 + -7 - (-2 + -7 + 4)?
14
What is 8 - (-4 - -7) - (12 - -1)?
-8
What is (303 + -312 - (-1 - (-1 + 7))) + -29?
-31
Calculate 22 + (-10 - 4 - 13).
-5
Calculate (30 - -3 - 12) + -33.
-12
What is the value of 95 + -91 - (16 + 2 - -4)?
-18
Evaluate -8 + (2 - (6 - -6)) - -6.
-12
Evaluate -8 + (-2 - -8 - -22 - 3).
17
What is the value of (0 - (-8 - -1)) + (-77 - -62) + -7?
-15
What is 23 + (-20 - 18) - (-10 - -1)?
-6
What is 4 + -9 + (6 + -9 - 1 - 6)?
-15
What is (0 - -4 - (9 + 10)) + -18?
-33
What is the value of 35 + -18 + (-7 - -12)?
22
-4 + (8 + 4 - 6)
2
Evaluate (7 - (0 - -1)) + -50 + 32.
-12
What is the value of 111 - 104 - (-2 + 1 + -7)?
15
Calculate 8 - 3 - (-10 - -26).
-11
137 + -123 + (-4 - 1)
9
(19 - 9) + (-26 - 2)
-18
Calculate 9 + -4 - -14 - (-24 + 44 - 31).
30
What is 184 + -202 - (-4 + -16)?
2
Evaluate -8 + 2 - (10 - 21 - -16) - 6.
-17
Calculate -2 - 9 - (-5 - (2 - -16)).
12
29 - 0 - (16 + -2 - (5 + 0))
20
What is -4 + (1 - 2) + -1 + (-1 - -13)?
6
Evaluate 555 + -576 - (1 - 1).
-21
Evaluate -16 - -9 - (-32 + 6).
19
What is the value of 11 + -6 + (-7 - -8 - 3)?
3
-642 + 600 - (-32 - -1)
-11
Calculate 85 - 73 - (5 + -7).
14
Calculate -3 - (-26 + 21 + -9).
11
Evaluate 34 - (43 + -19 - 14).
24
Calculate 2 + 23 + -30 + (2 - 2).
-5
Evaluate (-113 - -89) + (2 - -6).
-16
5 - (-1 - (-2 + -11))
-7
What is the value of 7 - (-14 + (7 - 0) - -7) - 1?
6
What is -4 - (5 + 0) - (-9 - -3) - 0?
-3
What is -14 + 25 + (4 - 7)?
8
What is the value of (-2 + 10 - -1) + (-257 - -248)?
0
What is 9 + (-36 - 2) + (5 - (11 + -11))?
-24
Evaluate 0 + (-2 - (-3 - -1)) + (-18 - -15).
-3
-3 + 17 + (-2 - 3) - (0 - 1)
10
What is the value of 22 + (-30 - (-49 - -20))?
21
What is the value of -3 + 5 + -3 - (14 + -3 + -8)?
-4
What is the value of (0 - (2 - 10) - -2) + -12?
-2
What is the value of -3 + (7 - -1) + (-1 - 17)?
-13
What is 0 + (-7 - -10) + 5 + -15?
-7
Calculate (3 - -2) + (-37 - -20).
-12
What is the value of -8 + 11 + (0 - 1 - 6)?
-4
Evaluate (1 - (16 - 8)) + 4 - (-6 - -14).
-11
(-18 - -9) + 13 + (1 - (16 - -3))
-14
Calculate 5 + (8 - 3) + (-5 - -2) + -1.
6
Evaluate 7 - (-18 + (16 - 14)).
23
Calculate (-10 - (1 - (1 - -9))) + 21.
20
What is 35 - (18 + (-9 - -15))?
11
-11 + -5 + 14 + 1
-1
Evaluate (1 + (5 - 5) - -6 - -1) + 12.
20
Calculate -13 + (5 - -3 - -9).
4
What is (5 - -7 - 5) + (-3 - 17 - -12)?
-1
Evaluate (-8 - 1) + -4 + -6 + (0 - -50).
31
What is the value of -8 + 28 + -30 + (2 - 1)?
-9
7 + (0 - (-5 - -9 - 0)) - -4
7
What is -2 - (2 - 7 - (-4 + -2))?
-3
Evaluate -2 + (1 - (-9 - -1 - (-31 + 27))).
3
Evaluate -374 - -352 - (1 + 1 + -9).
-15
-2 - (3 + -1 - (2 + 14 - 7))
5
-2 + -21 + -2 + (0 - (3 + -2))
-26
What is the value of (-11 + 36 + -8 + -3 - 3) + 3?
14
What is -20 + -1 + (1 - 2) - (16187 + -16186)?
-23
(521 - 506) + (21 - 3)
33
Calculate -1 + (9 - 8) + 4.
4
What is 2 - 31 - (0 + -12) - (2 - 3)?
-16
7 + -15 + 6 + -3 + 4 + 15
14
-18 - -3 - (-4 + -8 - -5)
-8
What is the value of (-6 - (-3 + -27)) + -39?
-15
Evaluate -1 + 0 + -7 + -5.
-13
What is (-15 - -18) + (9 - 6 - 6 - -12)?
12
What is the value of 0 + (5 - (2 + -5 + -3))?
11
Calculate -1 + -7 + 5 + 1 + -2.
-4
Evaluate 5 + (-12 + 11 + 5 - -9).
18
What is (-38 - -40) + (0 - 13) + -14?
-25
Calculate (-7 + (4 - (3 + -4)) - 10) + 6.
-6
Evaluate -6 + -6 + (2 - 8).
-18
What is -15 + 17 + -2 - 0?
0
Calculate (-7 - 12) + 3 + 32 + -36.
-20
What is the value of 3 + -25 + 22 + (-3 - -9) + 6?
12
Evaluate 15 + (1 - -4 - (10 - 2)) + 1.
13
What is the value of -1 - -6 - (-224 - -228)?
1
Calculate -11 - ((60 - 64) + -18 + -2).
13
What is 3 + (-14 - 3) + (5 - 0) - 13?
-22
What is the value of -25 + 23 - (-5 - 0) - 19?
-16
33 + -23 + -3 - (0 - -8) - -11
10
What is the value of 44 - (0 + 2) - (287 - 270)?
25
Calculate 70 + -79 - (-4 + 0 + 3 + 9).
-17
Calculate -1 + -8 + (-4 + 39 - (31 + -24)).
19
12 - (5 + -3 + 0 + -10 + 2)
18
What is the value of -6 + (10 - (-10 - -16) - (-5 + 12))?
-9
Evaluate -11 + (15 - -5 - -11).
20
Calculate -2 + -2 + 2 + -6 + 9 + -13.
-12
What is the value of (7 - 11) + 14 + -10 - 6 - -7?
1
What is 12 + (-9 - -12) + 4 + -10?
9
Evaluate 26 + -12 + 0 + -18.
-4
(0 - 6) + (46 - 29) + -11
0
Calculate (0 - 27) + (140 - 115).
-2
10 + (8 - (27 + -13 - 7))
11
Calculate 125 - 116 - (25 + 1).
-17
Evaluate -1 + -17 - (-73 - (-53 + -1)).
1
(1 + 2 - (21 - 17)) + 1 + 1
1
What is the value of -15 + 13 - 21 - -16?
-7
Evaluate 1 - (12 + -5 - 10 - (-1 + -26)).
-23
What is the value of (-5 - (-3 + -6)) + -11 - (11 - 9)?
-9
What is the value of 13 + -5 + -36 + 19?
-9
What is (-3 - 15) + (78 - 63)?
-3
What is the value of (-18 - -11) + 7 + -2 + 3 + 1?
2
What is 0 - (-1 - ((-2 - 1) + 2 + 5))?
5
Evaluate -681 - -646 - (-2 - -1 - 11).
-23
What is -14 + 14 - (0 + 1) - (32 + -7)?
-26
-22 + 20 - (0 + 1 - 0)
-3
What is (-12 - -10) + 0 - (3 - -11)?
-16
What is the value of -19 + (-14 - -16) - -9 - 11?
-19
What is the value of 11 + (-1 + 10 - (194 + -160))?
-14
0 + (-25 - -7 - -5) + 29
16
What is 6 + -1 + 47 + -48?
4
Evaluate -13 + (80 - 37) + -21.
9
Calculate (9 - 10) + (2 - 3 - (4 - 2)).
-4
Calculate (-14 - (1 - 4)) + 11.
0
What is the value of 1 + 1 + -8 + 2 + -88 + 101?
9
What is 54 + (37 + -57 - 6)?
28
Evaluate -5 + -6 + 9 - -11.
9
Calculate 4 - (-2 + 4 + (-12 - 6) + 6).
14
What is the value of -7 - (13 + -5 + -4) - -2?
-9
Calculate 13 + (26 - (17 + -8 + -1)).
31
What is the value of -17 + (-6 - 2 - -4) +